66.249.69.195 - - [01/Oct/2025:14:35:50 +0200] "GET /?b=80191184230000 HTTP/1.1" 301 -
66.249.69.232 - - [01/Oct/2025:14:35:52 +0200] "GET /wp-content/uploads/elementor/css/post-8.css?ver=1757376000 HTTP/1.1" 200 712
66.249.69.232 - - [01/Oct/2025:14:35:49 +0200] "GET /?t=6521716985000 HTTP/1.1" 200 33788
91.219.240.242 - - [01/Oct/2025:14:35:51 +0200] "POST /wp-admin/admin-ajax.php HTTP/1.1" 200 19302
91.219.240.242 - - [01/Oct/2025:14:35:53 +0200] "GET /solax/ HTTP/1.1" 200 620
91.219.240.242 - - [01/Oct/2025:14:35:53 +0200] "GET /wp-content/uploads/2024/02/favicon.gif HTTP/1.1" 200 1069
66.249.69.194 - - [01/Oct/2025:14:35:53 +0200] "GET /?b=01869166710600 HTTP/1.1" 301 -
66.249.69.195 - - [01/Oct/2025:14:35:52 +0200] "GET /kamine/p_vykon-10/p_ucinnost-80-or-80-3-or-82-5-or-83-or-84-6-or-85-or-87-7/?add-to-cart=2273 HTTP/1.1" 404 95112
66.249.69.230 - - [01/Oct/2025:14:35:54 +0200] "GET /wp-includes/js/mediaelement/mediaelement-migrate.min.js?ver=6.8.3 HTTP/1.1" 200 540
91.219.240.242 - - [01/Oct/2025:14:35:53 +0200] "POST /wp-admin/admin-ajax.php HTTP/1.1" 200 2820
66.249.69.195 - - [01/Oct/2025:14:35:54 +0200] "GET /?b=99910223087407 HTTP/1.1" 301 -
66.249.73.228 - - [01/Oct/2025:14:35:55 +0200] "GET /?t=91265106358600 HTTP/1.1" 301 -
91.219.240.242 - - [01/Oct/2025:14:35:55 +0200] "POST /wp-admin/admin-ajax.php HTTP/1.1" 200 2820
66.249.69.234 - - [01/Oct/2025:14:35:55 +0200] "GET /?t=29687222516201 HTTP/1.1" 200 33817
66.249.69.229 - - [01/Oct/2025:14:35:58 +0200] "GET /wp-includes/js/mediaelement/mediaelement-migrate.min.js?ver=6.8.3 HTTP/1.1" 200 540
66.249.69.230 - - [01/Oct/2025:14:35:56 +0200] "GET /?b=0816667885000 HTTP/1.1" 200 33812
91.219.240.242 - - [01/Oct/2025:14:35:57 +0200] "POST /wp-admin/admin-ajax.php HTTP/1.1" 200 2820
91.219.240.242 - - [01/Oct/2025:14:35:59 +0200] "POST /wp-admin/admin-ajax.php HTTP/1.1" 200 2820
66.249.69.229 - - [01/Oct/2025:14:35:58 +0200] "GET /?t=77773161842202 HTTP/1.1" 200 33837
66.249.69.233 - - [01/Oct/2025:14:35:58 +0200] "GET /?t=98689118543003 HTTP/1.1" 200 33810
91.219.240.242 - - [01/Oct/2025:14:36:01 +0200] "POST /wp-admin/admin-ajax.php HTTP/1.1" 200 2820
66.249.73.228 - - [01/Oct/2025:14:36:01 +0200] "GET /?t=66025118855209 HTTP/1.1" 301 -
66.249.69.230 - - [01/Oct/2025:14:36:01 +0200] "GET /?t=0914189364004 HTTP/1.1" 200 33829
66.249.69.228 - - [01/Oct/2025:14:36:03 +0200] "GET /wp-includes/js/mediaelement/mediaelement-migrate.min.js?ver=6.8.3 HTTP/1.1" 200 540
66.249.69.232 - - [01/Oct/2025:14:36:01 +0200] "GET /?t=82007161421808 HTTP/1.1" 200 33845
91.219.240.242 - - [01/Oct/2025:14:35:43 +0200] "POST /wp-admin/admin-ajax.php?action=as_async_request_queue_runner&nonce=9af71c06f2 HTTP/1.1" 200 -
91.219.240.242 - - [01/Oct/2025:14:36:03 +0200] "POST /wp-admin/admin-ajax.php HTTP/1.1" 200 2820
66.249.69.195 - - [01/Oct/2025:14:36:04 +0200] "GET /?b=6157564583904 HTTP/1.1" 301 -
66.249.69.230 - - [01/Oct/2025:14:36:05 +0200] "GET /wp-content/themes/phlox-pro/css/main.css?ver=5.17.7 HTTP/1.1" 200 97279
66.249.69.229 - - [01/Oct/2025:14:36:04 +0200] "GET /?t=77238231513800 HTTP/1.1" 200 33843
66.249.69.231 - - [01/Oct/2025:14:36:06 +0200] "GET /wp-includes/js/mediaelement/mediaelement-migrate.min.js?ver=6.8.3 HTTP/1.1" 200 540
91.219.240.242 - - [01/Oct/2025:14:36:05 +0200] "POST /wp-admin/admin-ajax.php HTTP/1.1" 200 2820
66.249.69.196 - - [01/Oct/2025:14:36:05 +0200] "GET /?b=62063110002210 HTTP/1.1" 301 -
66.249.69.196 - - [01/Oct/2025:14:36:06 +0200] "GET /?b=29927238917904 HTTP/1.1" 301 -
66.249.69.230 - - [01/Oct/2025:14:36:08 +0200] "GET /wp-content/themes/phlox-pro/css/main.css?ver=5.17.7 HTTP/1.1" 200 97279
91.219.240.242 - - [01/Oct/2025:14:36:07 +0200] "POST /wp-admin/admin-ajax.php HTTP/1.1" 200 2820
91.219.240.242 - - [01/Oct/2025:14:36:08 +0200] "GET /wp-content/plugins/wordfence/images/icons/working-indicator.gif HTTP/1.1" 200 4176
66.249.69.232 - - [01/Oct/2025:14:36:07 +0200] "GET /?t=15858226301200 HTTP/1.1" 200 33839
66.249.69.229 - - [01/Oct/2025:14:36:09 +0200] "GET /wp-includes/js/mediaelement/mediaelement-migrate.min.js?ver=6.8.3 HTTP/1.1" 200 540
91.219.240.242 - - [01/Oct/2025:14:36:08 +0200] "POST /wp-admin/admin-ajax.php HTTP/1.1" 200 46
66.249.69.231 - - [01/Oct/2025:14:36:08 +0200] "GET /?t=34741304716000 HTTP/1.1" 200 33793
185.219.165.19 - - [01/Oct/2025:14:36:10 +0200] "GET /solax/ HTTP/1.1" 200 619
185.219.165.19 - - [01/Oct/2025:14:36:10 +0200] "GET /wp-content/uploads/2024/02/favicon.gif HTTP/1.1" 200 1069
91.219.240.242 - - [01/Oct/2025:14:36:09 +0200] "POST /wp-admin/admin-ajax.php HTTP/1.1" 200 2809
66.249.69.230 - - [01/Oct/2025:14:36:10 +0200] "GET /wp-includes/js/mediaelement/mediaelement-migrate.min.js?ver=6.8.3 HTTP/1.1" 200 540
66.249.69.229 - - [01/Oct/2025:14:36:09 +0200] "GET /?b=80191184230000 HTTP/1.1" 200 33809
91.219.240.242 - - [01/Oct/2025:14:36:11 +0200] "POST /wp-admin/admin-ajax.php HTTP/1.1" 200 2809
66.249.69.228 - - [01/Oct/2025:14:36:11 +0200] "GET /?t=50509173890100 HTTP/1.1" 200 33798
66.249.69.229 - - [01/Oct/2025:14:36:11 +0200] "GET /?b=01869166710600 HTTP/1.1" 200 33791
66.249.69.227 - - [01/Oct/2025:14:36:13 +0200] "GET /wp-content/uploads/elementor/css/post-8.css?ver=1757376000 HTTP/1.1" 200 712
91.219.240.242 - - [01/Oct/2025:14:36:13 +0200] "POST /wp-admin/admin-ajax.php HTTP/1.1" 200 2809
66.249.69.228 - - [01/Oct/2025:14:36:14 +0200] "GET /?b=99910223087407 HTTP/1.1" 200 33812
66.249.69.227 - - [01/Oct/2025:14:36:14 +0200] "GET /?t=51956111815307 HTTP/1.1" 200 33786
91.219.240.242 - - [01/Oct/2025:14:36:15 +0200] "POST /wp-admin/admin-ajax.php HTTP/1.1" 200 2809
66.249.69.195 - - [01/Oct/2025:14:36:16 +0200] "GET /?b=31115185782602 HTTP/1.1" 301 -
91.219.240.242 - - [01/Oct/2025:14:36:16 +0200] "POST /wp-admin/admin-ajax.php HTTP/1.1" 200 29
66.249.69.228 - - [01/Oct/2025:14:36:16 +0200] "GET /?t=0387941014300 HTTP/1.1" 200 33804
66.249.69.229 - - [01/Oct/2025:14:36:19 +0200] "GET /wp-includes/js/mediaelement/mediaelement-migrate.min.js?ver=6.8.3 HTTP/1.1" 200 540
91.219.240.242 - - [01/Oct/2025:14:36:18 +0200] "POST /wp-cron.php?doing_wp_cron=1759322178.5475780963897705078125 HTTP/1.1" 200 -
91.219.240.242 - - [01/Oct/2025:14:36:17 +0200] "POST /wp-admin/admin-ajax.php HTTP/1.1" 200 3229
66.249.69.228 - - [01/Oct/2025:14:36:18 +0200] "GET /?t=74793166112400 HTTP/1.1" 200 33823
91.219.240.242 - - [01/Oct/2025:14:36:20 +0200] "POST /wp-cron.php?doing_wp_cron=1759322180.2135760784149169921875 HTTP/1.1" 200 -
66.249.69.227 - - [01/Oct/2025:14:36:19 +0200] "GET /?t=72279145653800 HTTP/1.1" 200 33807
66.249.69.228 - - [01/Oct/2025:14:36:20 +0200] "GET /?b=31115185782602 HTTP/1.1" 200 33823
91.219.240.242 - - [01/Oct/2025:14:36:21 +0200] "POST /wp-admin/admin-ajax.php HTTP/1.1" 200 986
66.249.69.195 - - [01/Oct/2025:14:36:22 +0200] "GET /?b=72729191170502 HTTP/1.1" 301 -
66.249.69.230 - - [01/Oct/2025:14:36:24 +0200] "GET /wp-content/themes/phlox-pro/css/main.css?ver=5.17.7 HTTP/1.1" 200 97279
91.219.240.242 - - [01/Oct/2025:14:36:23 +0200] "POST /wp-admin/admin-ajax.php HTTP/1.1" 200 986
66.249.69.230 - - [01/Oct/2025:14:36:23 +0200] "GET /?t=21979195098500 HTTP/1.1" 200 33826
91.219.240.242 - - [01/Oct/2025:14:36:25 +0200] "POST /wp-admin/admin-ajax.php HTTP/1.1" 200 986
66.249.69.229 - - [01/Oct/2025:14:36:26 +0200] "GET /wp-content/themes/phlox-pro/css/main.css?ver=5.17.7 HTTP/1.1" 200 97279
66.249.69.227 - - [01/Oct/2025:14:36:25 +0200] "GET /?b=6157564583904 HTTP/1.1" 200 33843
91.219.240.242 - - [01/Oct/2025:14:36:27 +0200] "POST /wp-admin/admin-ajax.php HTTP/1.1" 200 986
66.249.69.195 - - [01/Oct/2025:14:36:27 +0200] "GET /?b=03871139248201 HTTP/1.1" 301 -
66.249.69.227 - - [01/Oct/2025:14:36:28 +0200] "GET /?b=62063110002210 HTTP/1.1" 200 33794
91.219.240.242 - - [01/Oct/2025:14:36:29 +0200] "POST /wp-admin/admin-ajax.php HTTP/1.1" 200 986
66.249.69.228 - - [01/Oct/2025:14:36:31 +0200] "GET /wp-includes/js/mediaelement/mediaelement-migrate.min.js?ver=6.8.3 HTTP/1.1" 200 540
66.249.69.229 - - [01/Oct/2025:14:36:29 +0200] "GET /?b=29927238917904 HTTP/1.1" 200 33786
66.249.69.230 - - [01/Oct/2025:14:36:32 +0200] "GET /wp-content/uploads/elementor/css/post-8.css?ver=1757376000 HTTP/1.1" 200 712
91.219.240.242 - - [01/Oct/2025:14:36:31 +0200] "POST /wp-admin/admin-ajax.php HTTP/1.1" 200 986
66.249.69.228 - - [01/Oct/2025:14:36:31 +0200] "GET /?t=4213729617213 HTTP/1.1" 200 33803
91.219.240.242 - - [01/Oct/2025:14:36:33 +0200] "GET /solax/ HTTP/1.1" 200 619
91.219.240.242 - - [01/Oct/2025:14:36:34 +0200] "GET /wp-content/uploads/2024/02/favicon.gif HTTP/1.1" 200 1069
66.249.69.228 - - [01/Oct/2025:14:36:32 +0200] "GET /?t=61993122088804 HTTP/1.1" 200 33855
91.219.240.242 - - [01/Oct/2025:14:36:33 +0200] "POST /wp-admin/admin-ajax.php HTTP/1.1" 200 986
66.249.69.229 - - [01/Oct/2025:14:36:34 +0200] "GET /wp-content/themes/phlox-pro/css/main.css?ver=5.17.7 HTTP/1.1" 200 97279
66.249.69.195 - - [01/Oct/2025:14:36:33 +0200] "GET /?b=378183414600 HTTP/1.1" 301 -
91.219.240.242 - - [01/Oct/2025:14:36:35 +0200] "POST /wp-admin/admin-ajax.php HTTP/1.1" 200 986
66.249.69.229 - - [01/Oct/2025:14:36:35 +0200] "GET /?t=98174262212400 HTTP/1.1" 200 33816
66.249.69.228 - - [01/Oct/2025:14:36:35 +0200] "GET /?t=28401106293810 HTTP/1.1" 200 33818
66.249.69.231 - - [01/Oct/2025:14:36:38 +0200] "GET /wp-content/themes/phlox-pro/css/main.css?ver=5.17.7 HTTP/1.1" 200 97279
91.219.240.242 - - [01/Oct/2025:14:36:37 +0200] "POST /wp-admin/admin-ajax.php HTTP/1.1" 200 986
66.249.69.195 - - [01/Oct/2025:14:36:37 +0200] "GET /?b=58188160253500 HTTP/1.1" 301 -
66.249.69.227 - - [01/Oct/2025:14:36:39 +0200] "GET /wp-includes/js/mediaelement/wp-mediaelement.min.css?ver=6.8.3 HTTP/1.1" 200 1156
66.249.69.194 - - [01/Oct/2025:14:36:38 +0200] "GET /?b=08507192990402 HTTP/1.1" 301 -
66.249.69.227 - - [01/Oct/2025:14:36:39 +0200] "GET /wp-includes/js/mediaelement/mediaelement-migrate.min.js?ver=6.8.3 HTTP/1.1" 200 540
91.219.240.242 - - [01/Oct/2025:14:36:39 +0200] "POST /wp-admin/admin-ajax.php HTTP/1.1" 200 986
66.249.69.228 - - [01/Oct/2025:14:36:39 +0200] "GET /?t=6907756211001 HTTP/1.1" 200 33846
66.249.69.231 - - [01/Oct/2025:14:36:41 +0200] "GET /wp-includes/js/mediaelement/mediaelement-migrate.min.js?ver=6.8.3 HTTP/1.1" 200 540
66.249.69.232 - - [01/Oct/2025:14:36:42 +0200] "GET /wp-includes/js/mediaelement/mediaelement-migrate.min.js?ver=6.8.3 HTTP/1.1" 200 540
91.219.240.242 - - [01/Oct/2025:14:36:41 +0200] "POST /wp-admin/admin-ajax.php HTTP/1.1" 200 986
66.249.69.232 - - [01/Oct/2025:14:36:40 +0200] "GET /?t=15810263665103 HTTP/1.1" 200 33797
66.249.69.231 - - [01/Oct/2025:14:36:42 +0200] "GET /?t=5834924177100 HTTP/1.1" 200 33820
91.219.240.242 - - [01/Oct/2025:14:36:43 +0200] "POST /wp-admin/admin-ajax.php HTTP/1.1" 200 986
66.249.69.229 - - [01/Oct/2025:14:36:43 +0200] "GET /?b=72729191170502 HTTP/1.1" 200 33801
66.249.69.228 - - [01/Oct/2025:14:36:46 +0200] "GET /wp-includes/js/mediaelement/mediaelement-migrate.min.js?ver=6.8.3 HTTP/1.1" 200 540
91.219.240.242 - - [01/Oct/2025:14:36:45 +0200] "POST /wp-admin/admin-ajax.php HTTP/1.1" 200 986
66.249.69.228 - - [01/Oct/2025:14:36:44 +0200] "GET /?t=2673466120202 HTTP/1.1" 200 33805
66.249.69.230 - - [01/Oct/2025:14:36:47 +0200] "GET /wp-content/themes/phlox-pro/css/main.css?ver=5.17.7 HTTP/1.1" 200 97279
66.249.69.227 - - [01/Oct/2025:14:36:46 +0200] "GET /?t=097902411606 HTTP/1.1" 200 33837
91.219.240.242 - - [01/Oct/2025:14:36:47 +0200] "POST /wp-admin/admin-ajax.php HTTP/1.1" 200 986
66.249.69.228 - - [01/Oct/2025:14:36:47 +0200] "GET /?b=03871139248201 HTTP/1.1" 200 33805
66.249.69.195 - - [01/Oct/2025:14:36:48 +0200] "GET /?b=0589357490000 HTTP/1.1" 301 -
185.219.165.19 - - [01/Oct/2025:14:36:50 +0200] "GET /solax/ HTTP/1.1" 200 619
185.219.165.19 - - [01/Oct/2025:14:36:51 +0200] "GET /wp-content/uploads/2024/02/favicon.gif HTTP/1.1" 200 1069
66.249.69.194 - - [01/Oct/2025:14:36:50 +0200] "GET /?b=82690149660200 HTTP/1.1" 301 -
66.249.69.227 - - [01/Oct/2025:14:36:49 +0200] "GET /?t=21709171112001 HTTP/1.1" 200 33817
66.249.69.232 - - [01/Oct/2025:14:36:52 +0200] "GET /wp-includes/js/mediaelement/mediaelement-migrate.min.js?ver=6.8.3 HTTP/1.1" 200 540
91.219.240.242 - - [01/Oct/2025:14:36:51 +0200] "POST /wp-admin/admin-ajax.php HTTP/1.1" 200 47
66.249.69.230 - - [01/Oct/2025:14:36:53 +0200] "GET /wp-content/themes/phlox-pro/css/main.css?ver=5.17.7 HTTP/1.1" 200 97279
91.219.240.242 - - [01/Oct/2025:14:36:54 +0200] "POST /wp-admin/admin-ajax.php HTTP/1.1" 200 986
66.249.69.230 - - [01/Oct/2025:14:36:54 +0200] "GET /?t=2987382198102 HTTP/1.1" 200 33784
66.249.69.234 - - [01/Oct/2025:14:36:54 +0200] "GET /?b=378183414600 HTTP/1.1" 200 33819
66.249.69.230 - - [01/Oct/2025:14:37:00 +0200] "GET /wp-content/themes/phlox-pro/css/main.css?ver=5.17.7 HTTP/1.1" 200 97279
66.249.69.233 - - [01/Oct/2025:14:37:00 +0200] "GET /wp-includes/js/mediaelement/mediaelement-migrate.min.js?ver=6.8.3 HTTP/1.1" 200 540
91.219.240.242 - - [01/Oct/2025:14:36:59 +0200] "POST /wp-admin/admin-ajax.php HTTP/1.1" 200 986
66.249.69.232 - - [01/Oct/2025:14:37:01 +0200] "GET /?t=409836597407 HTTP/1.1" 200 33804
91.219.240.242 - - [01/Oct/2025:14:37:01 +0200] "POST /wp-admin/admin-ajax.php HTTP/1.1" 200 986
66.249.69.228 - - [01/Oct/2025:14:37:01 +0200] "GET /?b=58188160253500 HTTP/1.1" 200 33786
91.219.240.242 - - [01/Oct/2025:14:37:03 +0200] "POST /wp-admin/admin-ajax.php HTTP/1.1" 200 986
91.219.240.242 - - [01/Oct/2025:14:37:04 +0200] "GET /?_wfsf=viewActivityLog&nonce=27c3184d81 HTTP/1.1" 200 1622
91.219.240.242 - - [01/Oct/2025:14:37:05 +0200] "GET /wp-content/plugins/wordfence/css/fullLog.1756145765.css?ver=8.1.0 HTTP/1.1" 200 239
91.219.240.242 - - [01/Oct/2025:14:37:05 +0200] "GET /wp-content/plugins/wordfence/images/wordfence-logo.svg HTTP/1.1" 200 1190
66.249.69.232 - - [01/Oct/2025:14:37:03 +0200] "GET /?b=08507192990402 HTTP/1.1" 200 33831
66.249.69.229 - - [01/Oct/2025:14:37:04 +0200] "GET /?t=7939212139102 HTTP/1.1" 200 33836
91.219.240.242 - - [01/Oct/2025:14:37:05 +0200] "GET /favicon.ico HTTP/1.1" 302 -
91.219.240.242 - - [01/Oct/2025:14:37:06 +0200] "GET /wp-content/uploads/2024/12/cropped-favicon-32x32.gif HTTP/1.1" 200 1256
66.249.69.196 - - [01/Oct/2025:14:37:06 +0200] "GET /?b=68129157598700 HTTP/1.1" 301 -
66.249.69.230 - - [01/Oct/2025:14:37:06 +0200] "GET /?t=0107168611704 HTTP/1.1" 200 33830
66.249.69.231 - - [01/Oct/2025:14:37:07 +0200] "GET /?t=01011100387200 HTTP/1.1" 200 33826
66.249.69.228 - - [01/Oct/2025:14:37:09 +0200] "GET /wp-content/themes/phlox-pro/css/main.css?ver=5.17.7 HTTP/1.1" 200 97279
66.249.69.195 - - [01/Oct/2025:14:37:10 +0200] "GET /?b=9656051668100 HTTP/1.1" 301 -
66.249.69.232 - - [01/Oct/2025:14:37:10 +0200] "GET /?t=14789187212400 HTTP/1.1" 200 33827
66.249.69.229 - - [01/Oct/2025:14:37:12 +0200] "GET /wp-content/themes/phlox-pro/css/main.css?ver=5.17.7 HTTP/1.1" 200 97279
66.249.69.229 - - [01/Oct/2025:14:37:11 +0200] "GET /?t=15403239346600 HTTP/1.1" 200 33853
91.219.240.242 - - [01/Oct/2025:14:37:14 +0200] "GET /solax/ HTTP/1.1" 200 619
66.249.69.231 - - [01/Oct/2025:14:37:13 +0200] "GET /?b=0589357490000 HTTP/1.1" 200 33802
93.158.90.41 - - [01/Oct/2025:14:37:15 +0200] "GET / HTTP/1.1" 200 33813
66.249.69.227 - - [01/Oct/2025:14:37:14 +0200] "GET /?b=82690149660200 HTTP/1.1" 200 33826
66.249.69.229 - - [01/Oct/2025:14:37:16 +0200] "GET /wp-content/plugins/bdthemes-element-pack/assets/js/bdt-uikit.min.js?ver=3.17.11 HTTP/1.1" 200 50333
66.249.69.227 - - [01/Oct/2025:14:37:16 +0200] "GET /wp-includes/js/mediaelement/mediaelement-migrate.min.js?ver=6.8.3 HTTP/1.1" 200 540
66.249.69.227 - - [01/Oct/2025:14:37:16 +0200] "GET /wp-content/plugins/bdthemes-element-pack/assets/js/bdt-uikit.min.js?ver=3.17.11 HTTP/1.1" 200 50333
66.249.69.231 - - [01/Oct/2025:14:37:15 +0200] "GET /?t=8718971546201 HTTP/1.1" 200 33814
66.249.69.195 - - [01/Oct/2025:14:37:18 +0200] "GET /?b=40372179074402 HTTP/1.1" 301 -
66.249.69.228 - - [01/Oct/2025:14:37:17 +0200] "GET /?t=11103206561201 HTTP/1.1" 200 33838
66.249.69.227 - - [01/Oct/2025:14:37:19 +0200] "GET /wp-content/plugins/bdthemes-element-pack/assets/js/bdt-uikit.min.js?ver=3.17.11 HTTP/1.1" 200 50333
66.249.69.195 - - [01/Oct/2025:14:37:20 +0200] "GET /?b=7930382614406 HTTP/1.1" 301 -
91.219.240.242 - - [01/Oct/2025:14:37:20 +0200] "POST /wp-cron.php?doing_wp_cron=1759322240.7967190742492675781250 HTTP/1.1" 200 -
66.249.69.195 - - [01/Oct/2025:14:37:19 +0200] "GET /kamine/p_vykon-04-8-or-07-5-or-08-or-13-or-20-or-3-8/p_ucinnost-84-2/?add-to-cart=2602 HTTP/1.1" 404 95112
66.249.69.228 - - [01/Oct/2025:14:37:21 +0200] "GET /?t=1798358627706 HTTP/1.1" 200 33853
66.249.69.229 - - [01/Oct/2025:14:37:24 +0200] "GET /wp-content/themes/phlox-pro/css/main.css?ver=5.17.7 HTTP/1.1" 200 97279
66.249.69.228 - - [01/Oct/2025:14:37:23 +0200] "GET /?t=31118122945200 HTTP/1.1" 200 33822
91.219.240.242 - - [01/Oct/2025:14:37:25 +0200] "POST /wp-admin/admin-ajax.php HTTP/1.1" 200 986
66.249.69.227 - - [01/Oct/2025:14:37:24 +0200] "GET /?b=68129157598700 HTTP/1.1" 200 33795
66.249.69.230 - - [01/Oct/2025:14:37:25 +0200] "GET /?t=88282221512200 HTTP/1.1" 200 33798
66.249.69.195 - - [01/Oct/2025:14:37:27 +0200] "GET /?b=22011181088206 HTTP/1.1" 301 -
91.219.240.242 - - [01/Oct/2025:14:37:27 +0200] "POST /wp-admin/admin-ajax.php HTTP/1.1" 200 986
66.249.69.230 - - [01/Oct/2025:14:37:27 +0200] "GET /?b=9656051668100 HTTP/1.1" 200 33811
91.219.240.242 - - [01/Oct/2025:14:37:29 +0200] "POST /wp-admin/admin-ajax.php HTTP/1.1" 200 986
66.249.69.229 - - [01/Oct/2025:14:37:28 +0200] "GET /?t=65735172612302 HTTP/1.1" 200 33823
185.219.165.19 - - [01/Oct/2025:14:37:30 +0200] "GET /solax/ HTTP/1.1" 200 619
185.219.165.19 - - [01/Oct/2025:14:37:31 +0200] "GET /wp-content/uploads/2024/02/favicon.gif HTTP/1.1" 200 1069
91.219.240.242 - - [01/Oct/2025:14:37:29 +0200] "POST /wp-admin/admin-ajax.php?action=wordfence_testAjax HTTP/1.1" 200 12
91.219.240.242 - - [01/Oct/2025:14:37:30 +0200] "POST /wp-cron.php?doing_wp_cron=1759322250.3107481002807617187500 HTTP/1.1" 200 -
66.249.69.228 - - [01/Oct/2025:14:37:31 +0200] "GET /wp-includes/js/mediaelement/wp-mediaelement.min.css?ver=6.8.3 HTTP/1.1" 200 1156
66.249.69.227 - - [01/Oct/2025:14:37:31 +0200] "GET /wp-content/themes/phlox-pro/css/main.css?ver=5.17.7 HTTP/1.1" 200 97279
91.219.240.242 - - [01/Oct/2025:14:37:27 +0200] "POST /wp-admin/admin-ajax.php HTTP/1.1" 200 77
91.219.240.242 - - [01/Oct/2025:14:37:31 +0200] "POST /wp-cron.php?doing_wp_cron=1759322251.4857280254364013671875 HTTP/1.1" 200 -
91.219.240.242 - - [01/Oct/2025:14:37:31 +0200] "POST /wp-admin/admin-ajax.php HTTP/1.1" 200 986
66.249.69.227 - - [01/Oct/2025:14:37:30 +0200] "GET /?t=79870222016000 HTTP/1.1" 200 33793
66.249.69.227 - - [01/Oct/2025:14:37:32 +0200] "GET /?t=82111194013404 HTTP/1.1" 200 33822
66.249.69.227 - - [01/Oct/2025:14:37:34 +0200] "GET /wp-includes/js/mediaelement/mediaelement-migrate.min.js?ver=6.8.3 HTTP/1.1" 200 540
91.219.240.242 - - [01/Oct/2025:14:37:33 +0200] "POST /wp-admin/admin-ajax.php HTTP/1.1" 200 4705
66.249.69.230 - - [01/Oct/2025:14:37:34 +0200] "GET /wp-content/themes/phlox-pro/css/main.css?ver=5.17.7 HTTP/1.1" 200 97279
66.249.69.195 - - [01/Oct/2025:14:37:34 +0200] "GET /?b=83736276132006 HTTP/1.1" 301 -
91.219.240.242 - - [01/Oct/2025:14:37:35 +0200] "POST /wp-admin/admin-ajax.php HTTP/1.1" 200 2939
66.249.69.194 - - [01/Oct/2025:14:37:35 +0200] "GET /?b=17785264773004 HTTP/1.1" 301 -
66.249.69.227 - - [01/Oct/2025:14:37:35 +0200] "GET /?t=4736732606606 HTTP/1.1" 200 33823
91.219.240.242 - - [01/Oct/2025:14:37:37 +0200] "POST /wp-admin/admin-ajax.php HTTP/1.1" 200 2353
66.249.69.232 - - [01/Oct/2025:14:37:37 +0200] "GET /?b=40372179074402 HTTP/1.1" 200 33808
66.249.69.232 - - [01/Oct/2025:14:37:37 +0200] "GET /?t=05766139314106 HTTP/1.1" 200 33836
66.249.69.229 - - [01/Oct/2025:14:37:40 +0200] "GET /wp-content/themes/phlox-pro/css/main.css?ver=5.17.7 HTTP/1.1" 200 97279
91.219.240.242 - - [01/Oct/2025:14:37:39 +0200] "POST /wp-admin/admin-ajax.php HTTP/1.1" 200 1492
66.249.69.230 - - [01/Oct/2025:14:37:40 +0200] "GET /?b=7930382614406 HTTP/1.1" 200 33807
66.249.69.227 - - [01/Oct/2025:14:37:40 +0200] "GET /?t=8172098273000 HTTP/1.1" 200 33835
66.249.69.227 - - [01/Oct/2025:14:37:43 +0200] "GET /wp-content/plugins/bdthemes-element-pack/assets/js/bdt-uikit.min.js?ver=3.17.11 HTTP/1.1" 200 50333
66.249.69.195 - - [01/Oct/2025:14:37:43 +0200] "GET /?b=7034114003403 HTTP/1.1" 301 -
66.249.69.230 - - [01/Oct/2025:14:37:44 +0200] "GET /wp-includes/js/mediaelement/mediaelement-migrate.min.js?ver=6.8.3 HTTP/1.1" 200 540
91.219.240.242 - - [01/Oct/2025:14:37:43 +0200] "POST /wp-admin/admin-ajax.php HTTP/1.1" 200 2365
66.249.69.227 - - [01/Oct/2025:14:37:43 +0200] "GET /?t=3195142228402 HTTP/1.1" 200 33804
66.249.69.228 - - [01/Oct/2025:14:37:44 +0200] "GET /?t=3254055782803 HTTP/1.1" 200 33813
66.249.69.232 - - [01/Oct/2025:14:37:46 +0200] "GET /?b=22011181088206 HTTP/1.1" 200 33797
66.249.69.195 - - [01/Oct/2025:14:37:47 +0200] "GET /?b=4735037461706 HTTP/1.1" 301 -
66.249.69.194 - - [01/Oct/2025:14:37:48 +0200] "GET /?b=7659214742600 HTTP/1.1" 301 -
66.249.69.231 - - [01/Oct/2025:14:37:50 +0200] "GET /wp-includes/js/mediaelement/mediaelement-migrate.min.js?ver=6.8.3 HTTP/1.1" 200 540
91.219.240.242 - - [01/Oct/2025:14:37:31 +0200] "GET /wp-admin/admin-ajax.php?action=wordfence_doScan&isFork=0&scanMode=limited&cronKey=df0128ce65019aed2320001d8f8a7880&signature=d93251995e0b36b1bd519217de5d8fc0fcdd986ad297580ed247d51afef4778e HTTP/1.1" 200 -
66.249.69.227 - - [01/Oct/2025:14:37:48 +0200] "GET /?t=893081454208 HTTP/1.1" 200 33819
66.249.69.231 - - [01/Oct/2025:14:37:50 +0200] "GET /wp-content/themes/phlox-pro/css/main.css?ver=5.17.7 HTTP/1.1" 200 97279
66.249.69.229 - - [01/Oct/2025:14:37:50 +0200] "GET /?b=83736276132006 HTTP/1.1" 200 33807
91.219.240.242 - - [01/Oct/2025:14:37:51 +0200] "POST /wp-admin/admin-ajax.php HTTP/1.1" 200 47
66.249.69.194 - - [01/Oct/2025:14:37:51 +0200] "GET /?b=7027391393000 HTTP/1.1" 301 -
91.219.240.242 - - [01/Oct/2025:14:37:54 +0200] "GET /solax/ HTTP/1.1" 200 619
66.249.69.228 - - [01/Oct/2025:14:37:52 +0200] "GET /?t=77807166858602 HTTP/1.1" 200 33804
66.249.69.235 - - [01/Oct/2025:14:37:55 +0200] "GET /wp-includes/js/mediaelement/mediaelement-migrate.min.js?ver=6.8.3 HTTP/1.1" 200 540
66.249.69.227 - - [01/Oct/2025:14:37:53 +0200] "GET /?b=17785264773004 HTTP/1.1" 200 33828
66.249.69.229 - - [01/Oct/2025:14:37:55 +0200] "GET /wp-content/themes/phlox-pro/css/main.css?ver=5.17.7 HTTP/1.1" 200 97279
66.249.69.194 - - [01/Oct/2025:14:37:55 +0200] "GET /?b=70137162872004 HTTP/1.1" 301 -
66.249.69.231 - - [01/Oct/2025:14:37:56 +0200] "GET /?t=41039167397203 HTTP/1.1" 200 33818
66.249.69.194 - - [01/Oct/2025:14:37:58 +0200] "GET /?b=11676199052005 HTTP/1.1" 301 -
66.249.69.227 - - [01/Oct/2025:14:37:58 +0200] "GET /?t=55128284279702 HTTP/1.1" 200 33836
66.249.69.195 - - [01/Oct/2025:14:38:00 +0200] "GET /?b=29407128842902 HTTP/1.1" 301 -
44.247.112.131 - - [01/Oct/2025:14:38:01 +0200] "GET / HTTP/1.1" 200 33813
66.249.69.229 - - [01/Oct/2025:14:38:01 +0200] "GET /wp-content/themes/phlox-pro/css/main.css?ver=5.17.7 HTTP/1.1" 200 97279
66.249.69.230 - - [01/Oct/2025:14:38:01 +0200] "GET /?b=7034114003403 HTTP/1.1" 200 33841
66.249.69.235 - - [01/Oct/2025:14:38:02 +0200] "GET /?t=36009241607205 HTTP/1.1" 200 33822
66.249.69.232 - - [01/Oct/2025:14:38:03 +0200] "GET /?t=28143178361604 HTTP/1.1" 200 33868
66.249.69.230 - - [01/Oct/2025:14:38:06 +0200] "GET /wp-includes/js/mediaelement/mediaelement-migrate.min.js?ver=6.8.3 HTTP/1.1" 200 540
66.249.69.227 - - [01/Oct/2025:14:38:06 +0200] "GET /wp-content/plugins/bdthemes-element-pack/assets/js/bdt-uikit.min.js?ver=3.17.11 HTTP/1.1" 200 50333
66.249.69.233 - - [01/Oct/2025:14:38:05 +0200] "GET /?t=32851211751201 HTTP/1.1" 200 33818
91.219.240.242 - - [01/Oct/2025:14:37:49 +0200] "GET /wp-admin/admin-ajax.php?action=wordfence_doScan&isFork=1&scanMode=limited&cronKey=bb82c1181ed70adf47741a8da0ecfef6&signature=19e8f26f3aa61650781db512b959745578b0dacc28fd19073df722a4baec6899 HTTP/1.1" 200 -
66.249.69.232 - - [01/Oct/2025:14:38:07 +0200] "GET /?b=4735037461706 HTTP/1.1" 200 33836
66.249.69.232 - - [01/Oct/2025:14:38:07 +0200] "GET /?b=7659214742600 HTTP/1.1" 200 33845
66.249.69.230 - - [01/Oct/2025:14:38:10 +0200] "GET /wp-includes/js/mediaelement/mediaelement-migrate.min.js?ver=6.8.3 HTTP/1.1" 200 540
66.249.69.229 - - [01/Oct/2025:14:38:09 +0200] "GET /?t=70617274342400 HTTP/1.1" 200 33790
185.219.165.19 - - [01/Oct/2025:14:38:11 +0200] "GET /solax/ HTTP/1.1" 200 619
91.219.240.242 - - [01/Oct/2025:14:38:10 +0200] "POST /wp-admin/admin-ajax.php HTTP/1.1" 200 4636
185.219.165.19 - - [01/Oct/2025:14:38:11 +0200] "GET /wp-content/uploads/2024/02/favicon.gif HTTP/1.1" 200 1069
66.249.69.228 - - [01/Oct/2025:14:38:10 +0200] "GET /?t=68188133869605 HTTP/1.1" 200 33810
66.249.69.228 - - [01/Oct/2025:14:38:12 +0200] "GET /wp-content/plugins/bdthemes-element-pack/assets/js/bdt-uikit.min.js?ver=3.17.11 HTTP/1.1" 200 50333
91.219.240.242 - - [01/Oct/2025:14:38:12 +0200] "POST /wp-admin/admin-ajax.php HTTP/1.1" 200 1034
66.249.69.232 - - [01/Oct/2025:14:38:11 +0200] "GET /?b=7027391393000 HTTP/1.1" 200 33842
66.249.69.195 - - [01/Oct/2025:14:38:13 +0200] "GET /?b=2909562002706 HTTP/1.1" 301 -
66.249.69.229 - - [01/Oct/2025:14:38:14 +0200] "GET /wp-content/themes/phlox-pro/css/main.css?ver=5.17.7 HTTP/1.1" 200 97279
66.249.69.195 - - [01/Oct/2025:14:38:14 +0200] "GET /?b=14047265665408 HTTP/1.1" 301 -
91.219.240.242 - - [01/Oct/2025:14:38:14 +0200] "POST /wp-admin/admin-ajax.php HTTP/1.1" 200 1034
91.219.240.242 - - [01/Oct/2025:14:38:06 +0200] "GET /wp-admin/admin-ajax.php?action=wordfence_doScan&isFork=1&scanMode=limited&cronKey=0c81c474485ef12c64b3e41eae885458&signature=5f6f9549b9726d20ec398bff28b8e5bba9b44c6dd4c21e563ee99c77e4cbeac7 HTTP/1.1" 200 -
66.249.69.229 - - [01/Oct/2025:14:38:14 +0200] "GET /?b=70137162872004 HTTP/1.1" 200 33830
66.249.69.227 - - [01/Oct/2025:14:38:17 +0200] "GET /wp-includes/js/mediaelement/mediaelement-migrate.min.js?ver=6.8.3 HTTP/1.1" 200 540
66.249.69.230 - - [01/Oct/2025:14:38:15 +0200] "GET /?b=11676199052005 HTTP/1.1" 200 33796
66.249.69.194 - - [01/Oct/2025:14:38:20 +0200] "GET /?b=69851101053018 HTTP/1.1" 301 -
91.219.240.242 - - [01/Oct/2025:14:38:20 +0200] "POST /wp-admin/admin-ajax.php HTTP/1.1" 200 1189
66.249.69.228 - - [01/Oct/2025:14:38:20 +0200] "GET /?t=8253174013001 HTTP/1.1" 200 33789
66.249.69.228 - - [01/Oct/2025:14:38:24 +0200] "GET /?t=0052454699300 HTTP/1.1" 200 33815
66.249.69.195 - - [01/Oct/2025:14:38:26 +0200] "GET /?b=89130236873014 HTTP/1.1" 301 -
91.219.240.242 - - [01/Oct/2025:14:38:26 +0200] "POST /wp-admin/admin-ajax.php HTTP/1.1" 200 1036
66.249.69.195 - - [01/Oct/2025:14:38:27 +0200] "GET /?b=88232198652603 HTTP/1.1" 301 -
66.249.69.229 - - [01/Oct/2025:14:38:27 +0200] "GET /?t=7805923486404 HTTP/1.1" 200 33834
91.219.240.242 - - [01/Oct/2025:14:38:28 +0200] "POST /wp-admin/admin-ajax.php HTTP/1.1" 200 1036
66.249.69.195 - - [01/Oct/2025:14:38:28 +0200] "GET /?b=24517186987502 HTTP/1.1" 301 -
66.249.69.227 - - [01/Oct/2025:14:38:30 +0200] "GET /wp-content/themes/phlox-pro/css/main.css?ver=5.17.7 HTTP/1.1" 200 97279
66.249.69.195 - - [01/Oct/2025:14:38:30 +0200] "GET /?b=23193171556800 HTTP/1.1" 301 -
66.249.69.195 - - [01/Oct/2025:14:38:30 +0200] "GET /?b=80149215959706 HTTP/1.1" 301 -
66.249.69.227 - - [01/Oct/2025:14:38:32 +0200] "GET /wp-content/plugins/bdthemes-element-pack/assets/js/bdt-uikit.min.js?ver=3.17.11 HTTP/1.1" 200 50333
91.219.240.242 - - [01/Oct/2025:14:38:30 +0200] "POST /wp-admin/admin-ajax.php HTTP/1.1" 200 1036
91.219.240.242 - - [01/Oct/2025:14:38:31 +0200] "POST /wp-cron.php?doing_wp_cron=1759322311.5519549846649169921875 HTTP/1.1" 200 -
66.249.69.229 - - [01/Oct/2025:14:38:33 +0200] "GET /wp-content/plugins/bdthemes-element-pack/assets/js/bdt-uikit.min.js?ver=3.17.11 HTTP/1.1" 200 50333
91.219.240.242 - - [01/Oct/2025:14:38:33 +0200] "POST /wp-cron.php?doing_wp_cron=1759322313.5543229579925537109375 HTTP/1.1" 200 -
91.219.240.242 - - [01/Oct/2025:14:38:34 +0200] "GET /solax/ HTTP/1.1" 200 619
66.249.69.228 - - [01/Oct/2025:14:38:32 +0200] "GET /?t=2722242914100 HTTP/1.1" 200 33802
66.249.69.229 - - [01/Oct/2025:14:38:33 +0200] "GET /?b=2909562002706 HTTP/1.1" 200 33822
66.249.69.194 - - [01/Oct/2025:14:38:36 +0200] "GET /?b=78144105739600 HTTP/1.1" 301 -
66.249.69.230 - - [01/Oct/2025:14:38:36 +0200] "GET /?b=14047265665408 HTTP/1.1" 200 33819
66.249.69.194 - - [01/Oct/2025:14:38:37 +0200] "GET /?b=82528142560001 HTTP/1.1" 301 -
66.249.69.230 - - [01/Oct/2025:14:38:38 +0200] "GET /?t=42752197015203 HTTP/1.1" 200 33832
66.249.69.228 - - [01/Oct/2025:14:38:40 +0200] "GET /wp-content/plugins/bdthemes-element-pack/assets/js/bdt-uikit.min.js?ver=3.17.11 HTTP/1.1" 200 50333
66.249.69.230 - - [01/Oct/2025:14:38:41 +0200] "GET /?t=3771558686403 HTTP/1.1" 200 33838
66.249.69.230 - - [01/Oct/2025:14:38:42 +0200] "GET /?b=69851101053018 HTTP/1.1" 200 33796
66.249.69.227 - - [01/Oct/2025:14:38:45 +0200] "GET /wp-content/plugins/bdthemes-element-pack/assets/js/bdt-uikit.min.js?ver=3.17.11 HTTP/1.1" 200 50333
66.249.69.230 - - [01/Oct/2025:14:38:44 +0200] "GET /?t=7970781126602 HTTP/1.1" 200 33816
66.249.69.229 - - [01/Oct/2025:14:38:45 +0200] "GET /?t=4420739309200 HTTP/1.1" 200 33782
66.249.69.230 - - [01/Oct/2025:14:38:46 +0200] "GET /?b=89130236873014 HTTP/1.1" 200 33783
66.249.69.229 - - [01/Oct/2025:14:38:47 +0200] "GET /?b=88232198652603 HTTP/1.1" 200 33821
66.249.69.195 - - [01/Oct/2025:14:38:49 +0200] "GET /?b=7187519096003 HTTP/1.1" 301 -
66.249.69.228 - - [01/Oct/2025:14:38:50 +0200] "GET /wp-content/plugins/bdthemes-element-pack/assets/js/bdt-uikit.min.js?ver=3.17.11 HTTP/1.1" 200 50333
185.219.165.19 - - [01/Oct/2025:14:38:51 +0200] "GET /solax/ HTTP/1.1" 200 619
185.219.165.19 - - [01/Oct/2025:14:38:52 +0200] "GET /wp-content/uploads/2024/02/favicon.gif HTTP/1.1" 200 1069
66.249.69.228 - - [01/Oct/2025:14:38:50 +0200] "GET /?b=23193171556800 HTTP/1.1" 200 33821
66.249.69.228 - - [01/Oct/2025:14:38:50 +0200] "GET /?b=24517186987502 HTTP/1.1" 200 33838
66.249.69.230 - - [01/Oct/2025:14:38:54 +0200] "GET /wp-includes/js/mediaelement/mediaelement-migrate.min.js?ver=6.8.3 HTTP/1.1" 200 540
91.219.240.242 - - [01/Oct/2025:14:38:52 +0200] "POST /wp-admin/admin-ajax.php HTTP/1.1" 200 47
66.249.69.231 - - [01/Oct/2025:14:38:54 +0200] "GET /wp-includes/js/mediaelement/mediaelement-migrate.min.js?ver=6.8.3 HTTP/1.1" 200 540
66.249.69.229 - - [01/Oct/2025:14:38:55 +0200] "GET /?b=80149215959706 HTTP/1.1" 200 33848
66.249.69.227 - - [01/Oct/2025:14:38:55 +0200] "GET /?t=46211242665900 HTTP/1.1" 200 33807
66.249.69.227 - - [01/Oct/2025:14:38:59 +0200] "GET /wp-includes/js/mediaelement/mediaelement-migrate.min.js?ver=6.8.3 HTTP/1.1" 200 540
66.249.69.232 - - [01/Oct/2025:14:38:59 +0200] "GET /?t=51617304516600 HTTP/1.1" 200 33790
66.249.69.229 - - [01/Oct/2025:14:38:59 +0200] "GET /?b=78144105739600 HTTP/1.1" 200 33823
66.249.69.230 - - [01/Oct/2025:14:39:02 +0200] "GET /wp-content/plugins/bdthemes-element-pack/assets/js/bdt-uikit.min.js?ver=3.17.11 HTTP/1.1" 200 50333
66.249.69.227 - - [01/Oct/2025:14:39:02 +0200] "GET /wp-includes/js/mediaelement/mediaelement-migrate.min.js?ver=6.8.3 HTTP/1.1" 200 540
66.249.69.228 - - [01/Oct/2025:14:39:02 +0200] "GET /?t=8780965974000 HTTP/1.1" 200 33790
66.249.69.231 - - [01/Oct/2025:14:39:03 +0200] "GET /?b=82528142560001 HTTP/1.1" 200 33822
66.249.69.229 - - [01/Oct/2025:14:39:05 +0200] "GET /?t=71087129040603 HTTP/1.1" 200 33845
66.249.69.229 - - [01/Oct/2025:14:39:07 +0200] "GET /wp-content/plugins/bdthemes-element-pack/assets/js/bdt-uikit.min.js?ver=3.17.11 HTTP/1.1" 200 50333
66.249.69.229 - - [01/Oct/2025:14:39:07 +0200] "GET /wp-content/themes/phlox-pro/css/main.css?ver=5.17.7 HTTP/1.1" 200 97279
66.249.69.195 - - [01/Oct/2025:14:39:07 +0200] "GET /?b=12602244229001 HTTP/1.1" 301 -
66.249.69.194 - - [01/Oct/2025:14:39:07 +0200] "GET /?b=40807199963400 HTTP/1.1" 301 -
66.249.69.227 - - [01/Oct/2025:14:39:08 +0200] "GET /?t=0711668234600 HTTP/1.1" 200 33819
66.249.69.195 - - [01/Oct/2025:14:39:10 +0200] "GET /?b=8120849085502 HTTP/1.1" 301 -
66.249.69.229 - - [01/Oct/2025:14:39:10 +0200] "GET /?t=12419100030102 HTTP/1.1" 200 33810
66.249.69.229 - - [01/Oct/2025:14:39:12 +0200] "GET /?t=6182061583801 HTTP/1.1" 200 33809
66.249.69.227 - - [01/Oct/2025:14:39:14 +0200] "GET /wp-content/plugins/bdthemes-element-pack/assets/js/bdt-uikit.min.js?ver=3.17.11 HTTP/1.1" 200 50333
66.249.69.228 - - [01/Oct/2025:14:39:12 +0200] "GET /?b=7187519096003 HTTP/1.1" 200 33788
91.219.240.242 - - [01/Oct/2025:14:39:15 +0200] "GET /solax/ HTTP/1.1" 200 619
91.219.240.242 - - [01/Oct/2025:14:39:15 +0200] "GET /wp-content/uploads/2024/02/favicon.gif HTTP/1.1" 200 1069
66.249.69.229 - - [01/Oct/2025:14:39:14 +0200] "GET /?t=59372137015400 HTTP/1.1" 200 33801
66.249.69.227 - - [01/Oct/2025:14:39:15 +0200] "GET /?t=28068100521400 HTTP/1.1" 200 33824
66.249.69.227 - - [01/Oct/2025:14:39:17 +0200] "GET /wp-includes/js/mediaelement/mediaelement-migrate.min.js?ver=6.8.3 HTTP/1.1" 200 540
66.249.69.195 - - [01/Oct/2025:14:39:17 +0200] "GET /?b=71701130295603 HTTP/1.1" 301 -
66.249.69.228 - - [01/Oct/2025:14:39:17 +0200] "GET /?t=638646980301 HTTP/1.1" 200 33829
66.249.69.227 - - [01/Oct/2025:14:39:19 +0200] "GET /wp-includes/js/mediaelement/mediaelement-migrate.min.js?ver=6.8.3 HTTP/1.1" 200 540
66.249.69.194 - - [01/Oct/2025:14:39:19 +0200] "GET /?b=3755776749400 HTTP/1.1" 301 -
66.249.69.227 - - [01/Oct/2025:14:39:20 +0200] "GET /wp-content/plugins/bdthemes-element-pack/assets/js/bdt-uikit.min.js?ver=3.17.11 HTTP/1.1" 200 50333
66.249.69.228 - - [01/Oct/2025:14:39:21 +0200] "GET /wp-content/themes/phlox-pro/css/main.css?ver=5.17.7 HTTP/1.1" 200 97279
66.249.69.229 - - [01/Oct/2025:14:39:22 +0200] "GET /wp-includes/js/mediaelement/wp-mediaelement.min.css?ver=6.8.3 HTTP/1.1" 200 1156
66.249.69.227 - - [01/Oct/2025:14:39:21 +0200] "GET /?t=75874149944007 HTTP/1.1" 200 33821
66.249.69.229 - - [01/Oct/2025:14:39:24 +0200] "GET /wp-content/plugins/bdthemes-element-pack/assets/js/bdt-uikit.min.js?ver=3.17.11 HTTP/1.1" 200 50333
66.249.69.228 - - [01/Oct/2025:14:39:25 +0200] "GET /wp-includes/js/mediaelement/mediaelement-migrate.min.js?ver=6.8.3 HTTP/1.1" 200 540
66.249.69.227 - - [01/Oct/2025:14:39:23 +0200] "GET /?t=0712577521605 HTTP/1.1" 200 33828
66.249.69.229 - - [01/Oct/2025:14:39:25 +0200] "GET /?t=64180235473902 HTTP/1.1" 200 33811
66.249.69.228 - - [01/Oct/2025:14:39:28 +0200] "GET /wp-includes/js/mediaelement/mediaelement-migrate.min.js?ver=6.8.3 HTTP/1.1" 200 540
66.249.69.228 - - [01/Oct/2025:14:39:26 +0200] "GET /?b=12602244229001 HTTP/1.1" 200 33833
66.249.69.227 - - [01/Oct/2025:14:39:28 +0200] "GET /?b=40807199963400 HTTP/1.1" 200 33826
66.249.69.195 - - [01/Oct/2025:14:39:29 +0200] "GET /kamine/p_vykon-05/p_ucinnost-82-5-or-85-or-86-2-or-87-or-87-7/?add-to-cart=2661 HTTP/1.1" 404 95112
185.219.165.19 - - [01/Oct/2025:14:39:32 +0200] "GET /solax/ HTTP/1.1" 200 619
185.219.165.19 - - [01/Oct/2025:14:39:32 +0200] "GET /wp-content/uploads/2024/02/favicon.gif HTTP/1.1" 200 1069
66.249.69.227 - - [01/Oct/2025:14:39:30 +0200] "GET /?b=8120849085502 HTTP/1.1" 200 33821
66.249.69.228 - - [01/Oct/2025:14:39:31 +0200] "GET /?t=97127120803603 HTTP/1.1" 200 33806
66.249.69.195 - - [01/Oct/2025:14:39:34 +0200] "GET /?b=0842142474502 HTTP/1.1" 301 -
91.219.240.242 - - [01/Oct/2025:14:39:34 +0200] "POST /wp-cron.php?doing_wp_cron=1759322374.1459350585937500000000 HTTP/1.1" 200 -
66.249.69.229 - - [01/Oct/2025:14:39:33 +0200] "GET /?t=24766118695302 HTTP/1.1" 200 33827
66.249.69.227 - - [01/Oct/2025:14:39:36 +0200] "GET /wp-includes/js/mediaelement/wp-mediaelement.min.css?ver=6.8.3 HTTP/1.1" 200 1156
66.249.69.230 - - [01/Oct/2025:14:39:36 +0200] "GET /wp-content/themes/phlox-pro/css/main.css?ver=5.17.7 HTTP/1.1" 200 97279
66.249.69.230 - - [01/Oct/2025:14:39:35 +0200] "GET /?t=16052110814005 HTTP/1.1" 200 33841
66.249.69.230 - - [01/Oct/2025:14:39:37 +0200] "GET /?t=77998209395403 HTTP/1.1" 200 33826
66.249.69.227 - - [01/Oct/2025:14:39:37 +0200] "GET /?b=71701130295603 HTTP/1.1" 200 33817
66.249.69.227 - - [01/Oct/2025:14:39:39 +0200] "GET /wp-includes/js/mediaelement/mediaelement-migrate.min.js?ver=6.8.3 HTTP/1.1" 200 540
66.249.69.229 - - [01/Oct/2025:14:39:39 +0200] "GET /wp-includes/js/mediaelement/wp-mediaelement.min.css?ver=6.8.3 HTTP/1.1" 200 1156
66.249.69.229 - - [01/Oct/2025:14:39:40 +0200] "GET /wp-content/themes/phlox-pro/css/main.css?ver=5.17.7 HTTP/1.1" 200 97279
66.249.69.230 - - [01/Oct/2025:14:39:41 +0200] "GET /wp-includes/js/mediaelement/mediaelement-migrate.min.js?ver=6.8.3 HTTP/1.1" 200 540
66.249.69.227 - - [01/Oct/2025:14:39:39 +0200] "GET /?t=28928247179401 HTTP/1.1" 200 33788
66.249.69.227 - - [01/Oct/2025:14:39:42 +0200] "GET /wp-content/themes/phlox-pro/css/main.css?ver=5.17.7 HTTP/1.1" 200 97279
66.249.69.228 - - [01/Oct/2025:14:39:43 +0200] "GET /wp-includes/js/mediaelement/wp-mediaelement.min.css?ver=6.8.3 HTTP/1.1" 200 1156
66.249.69.232 - - [01/Oct/2025:14:39:43 +0200] "GET /?b=3755776749400 HTTP/1.1" 200 33820
66.249.69.227 - - [01/Oct/2025:14:39:46 +0200] "GET /wp-includes/js/mediaelement/mediaelement-migrate.min.js?ver=6.8.3 HTTP/1.1" 200 540
66.249.69.232 - - [01/Oct/2025:14:39:46 +0200] "GET /wp-includes/js/mediaelement/mediaelement-migrate.min.js?ver=6.8.3 HTTP/1.1" 200 540
66.249.69.228 - - [01/Oct/2025:14:39:44 +0200] "GET /?t=43898270148000 HTTP/1.1" 200 33786
66.249.69.194 - - [01/Oct/2025:14:39:46 +0200] "GET /?b=69550199115402 HTTP/1.1" 301 -
66.249.69.228 - - [01/Oct/2025:14:39:47 +0200] "GET /?t=18308153992204 HTTP/1.1" 200 33794
66.249.69.229 - - [01/Oct/2025:14:39:48 +0200] "GET /?t=08116287294400 HTTP/1.1" 200 33807
66.249.69.230 - - [01/Oct/2025:14:39:49 +0200] "GET /?t=13268254323000 HTTP/1.1" 200 33793
66.249.69.195 - - [01/Oct/2025:14:39:50 +0200] "GET /?b=05853184228608 HTTP/1.1" 301 -
66.249.69.194 - - [01/Oct/2025:14:39:52 +0200] "GET /?b=2059264385604 HTTP/1.1" 301 -
66.249.69.227 - - [01/Oct/2025:14:39:52 +0200] "GET /?t=15041274162802 HTTP/1.1" 200 33832
66.249.69.228 - - [01/Oct/2025:14:39:53 +0200] "GET /?t=90921122944000 HTTP/1.1" 200 33817
91.219.240.242 - - [01/Oct/2025:14:39:55 +0200] "GET /solax/ HTTP/1.1" 200 619
91.219.240.242 - - [01/Oct/2025:14:39:55 +0200] "GET /wp-content/uploads/2024/02/favicon.gif HTTP/1.1" 200 1069
66.249.69.229 - - [01/Oct/2025:14:39:56 +0200] "GET /wp-content/themes/phlox-pro/css/main.css?ver=5.17.7 HTTP/1.1" 200 97279
66.249.69.229 - - [01/Oct/2025:14:39:54 +0200] "GET /?b=0842142474502 HTTP/1.1" 200 33800
66.249.69.232 - - [01/Oct/2025:14:39:57 +0200] "GET /wp-includes/js/mediaelement/mediaelement-migrate.min.js?ver=6.8.3 HTTP/1.1" 200 540
66.249.69.195 - - [01/Oct/2025:14:39:57 +0200] "GET /?b=80192281420603 HTTP/1.1" 301 -
66.249.69.233 - - [01/Oct/2025:14:39:56 +0200] "GET /?t=88797187061617 HTTP/1.1" 200 33802
66.249.73.228 - - [01/Oct/2025:14:39:58 +0200] "GET /?t=9803973636304 HTTP/1.1" 301 -
66.249.69.233 - - [01/Oct/2025:14:39:59 +0200] "GET /?t=80191147204000 HTTP/1.1" 200 33817
66.249.69.231 - - [01/Oct/2025:14:39:59 +0200] "GET /?t=26912148536601 HTTP/1.1" 200 33800
66.249.69.228 - - [01/Oct/2025:14:40:01 +0200] "GET /wp-content/plugins/bdthemes-element-pack/assets/js/bdt-uikit.min.js?ver=3.17.11 HTTP/1.1" 200 50333
66.249.69.196 - - [01/Oct/2025:14:40:02 +0200] "GET /?b=1428462696300 HTTP/1.1" 301 -
66.249.69.233 - - [01/Oct/2025:14:40:01 +0200] "GET /?t=33792186156602 HTTP/1.1" 200 33815
66.249.69.229 - - [01/Oct/2025:14:40:04 +0200] "GET /wp-includes/js/mediaelement/mediaelement-migrate.min.js?ver=6.8.3 HTTP/1.1" 200 540
66.249.69.195 - - [01/Oct/2025:14:40:03 +0200] "GET /?b=32089179641000 HTTP/1.1" 301 -
66.249.69.231 - - [01/Oct/2025:14:40:04 +0200] "GET /?t=93990243048400 HTTP/1.1" 200 33798
66.249.69.228 - - [01/Oct/2025:14:40:05 +0200] "GET /?b=69550199115402 HTTP/1.1" 200 33791
66.249.69.231 - - [01/Oct/2025:14:40:07 +0200] "GET /wp-includes/js/mediaelement/mediaelement-migrate.min.js?ver=6.8.3 HTTP/1.1" 200 540
66.249.69.194 - - [01/Oct/2025:14:40:07 +0200] "GET /?b=60398301440400 HTTP/1.1" 301 -
66.249.69.230 - - [01/Oct/2025:14:40:10 +0200] "GET /wp-includes/js/mediaelement/mediaelement-migrate.min.js?ver=6.8.3 HTTP/1.1" 200 540
66.249.69.232 - - [01/Oct/2025:14:40:07 +0200] "GET /?t=13705230362700 HTTP/1.1" 200 33809
185.219.165.19 - - [01/Oct/2025:14:40:12 +0200] "GET /solax/ HTTP/1.1" 200 619
185.219.165.19 - - [01/Oct/2025:14:40:12 +0200] "GET /wp-content/uploads/2024/02/favicon.gif HTTP/1.1" 200 1069
66.249.69.195 - - [01/Oct/2025:14:40:12 +0200] "GET /?b=2858845522400 HTTP/1.1" 301 -
66.249.69.227 - - [01/Oct/2025:14:40:14 +0200] "GET /wp-includes/js/mediaelement/mediaelement-migrate.min.js?ver=6.8.3 HTTP/1.1" 200 540
66.249.69.229 - - [01/Oct/2025:14:40:11 +0200] "GET /?b=05853184228608 HTTP/1.1" 200 33802
66.249.69.229 - - [01/Oct/2025:14:40:16 +0200] "GET /wp-includes/js/mediaelement/wp-mediaelement.min.css?ver=6.8.3 HTTP/1.1" 200 1156
66.249.69.229 - - [01/Oct/2025:14:40:16 +0200] "GET /wp-content/themes/phlox-pro/css/main.css?ver=5.17.7 HTTP/1.1" 200 97279
66.249.69.228 - - [01/Oct/2025:14:40:17 +0200] "GET /wp-includes/js/mediaelement/wp-mediaelement.min.js?ver=6.8.3 HTTP/1.1" 200 538
66.249.69.227 - - [01/Oct/2025:14:40:17 +0200] "GET /wp-content/plugins/elementor-pro/assets/js/webpack-pro.runtime.min.js?ver=3.30.1 HTTP/1.1" 200 2855
77.75.78.163 - - [01/Oct/2025:14:40:18 +0200] "GET /detail533893828 HTTP/1.1" 404 85317
91.219.240.242 - - [01/Oct/2025:14:40:19 +0200] "POST /wp-cron.php?doing_wp_cron=1759322419.5678300857543945312500 HTTP/1.1" 200 -
66.249.69.228 - - [01/Oct/2025:14:40:15 +0200] "GET /?b=2059264385604 HTTP/1.1" 200 33797
66.249.69.227 - - [01/Oct/2025:14:40:18 +0200] "GET /?t=10977136469200 HTTP/1.1" 200 33836
66.249.69.228 - - [01/Oct/2025:14:40:27 +0200] "GET /wp-content/themes/phlox-pro/css/main.css?ver=5.17.7 HTTP/1.1" 200 97279
66.249.69.227 - - [01/Oct/2025:14:40:32 +0200] "GET /wp-includes/js/mediaelement/wp-mediaelement.min.css?ver=6.8.3 HTTP/1.1" 200 1156
66.249.69.229 - - [01/Oct/2025:14:40:32 +0200] "GET /wp-content/plugins/elementor-pro/assets/js/webpack-pro.runtime.min.js?ver=3.30.1 HTTP/1.1" 200 2855
66.249.69.227 - - [01/Oct/2025:14:40:32 +0200] "GET /wp-content/themes/phlox-pro/css/main.css?ver=5.17.7 HTTP/1.1" 200 97279
66.249.69.228 - - [01/Oct/2025:14:40:36 +0200] "GET /wp-includes/js/mediaelement/wp-mediaelement.min.js?ver=6.8.3 HTTP/1.1" 200 538
91.219.240.242 - - [01/Oct/2025:14:40:36 +0200] "GET /solax/ HTTP/1.1" 200 619
91.219.240.242 - - [01/Oct/2025:14:40:36 +0200] "GET /wp-content/uploads/2024/02/favicon.gif HTTP/1.1" 200 1069
66.249.69.227 - - [01/Oct/2025:14:40:37 +0200] "GET /wp-includes/js/mediaelement/mediaelement-migrate.min.js?ver=6.8.3 HTTP/1.1" 200 540
185.219.165.19 - - [01/Oct/2025:14:40:52 +0200] "GET /solax/ HTTP/1.1" 200 619
185.219.165.19 - - [01/Oct/2025:14:40:52 +0200] "GET /wp-content/uploads/2024/02/favicon.gif HTTP/1.1" 200 1069
66.249.69.195 - - [01/Oct/2025:14:40:55 +0200] "GET /?b=32060162881802 HTTP/1.1" 301 -
66.249.69.195 - - [01/Oct/2025:14:40:59 +0200] "GET /?b=0381720820600 HTTP/1.1" 301 -
66.249.69.227 - - [01/Oct/2025:14:40:59 +0200] "GET /?t=56327237952400 HTTP/1.1" 200 33814
91.219.240.242 - - [01/Oct/2025:14:40:55 +0200] "POST /wp-admin/admin-ajax.php HTTP/1.1" 200 47
66.249.69.227 - - [01/Oct/2025:14:41:02 +0200] "GET /?t=77229108798200 HTTP/1.1" 200 33844
66.249.69.229 - - [01/Oct/2025:14:41:02 +0200] "GET /?t=62374247061801 HTTP/1.1" 200 33816
66.249.69.195 - - [01/Oct/2025:14:41:06 +0200] "GET /?b=5148156889908 HTTP/1.1" 301 -
66.249.69.228 - - [01/Oct/2025:14:41:06 +0200] "GET /?t=1975764067807 HTTP/1.1" 200 33824
66.249.69.228 - - [01/Oct/2025:14:41:10 +0200] "GET /wp-content/plugins/bdthemes-element-pack/assets/js/bdt-uikit.min.js?ver=3.17.11 HTTP/1.1" 200 50333
66.249.69.227 - - [01/Oct/2025:14:41:07 +0200] "GET /?t=8178017523002 HTTP/1.1" 200 33815
66.249.69.227 - - [01/Oct/2025:14:41:10 +0200] "GET /wp-content/themes/phlox-pro/css/main.css?ver=5.17.7 HTTP/1.1" 200 97279
66.249.69.227 - - [01/Oct/2025:14:41:11 +0200] "GET /wp-includes/js/mediaelement/wp-mediaelement.min.js?ver=6.8.3 HTTP/1.1" 200 538
66.249.69.227 - - [01/Oct/2025:14:41:12 +0200] "GET /wp-includes/js/mediaelement/mediaelement-migrate.min.js?ver=6.8.3 HTTP/1.1" 200 540
66.249.69.227 - - [01/Oct/2025:14:41:14 +0200] "GET /wp-includes/js/mediaelement/mediaelement-migrate.min.js?ver=6.8.3 HTTP/1.1" 200 540
66.249.69.194 - - [01/Oct/2025:14:41:13 +0200] "GET /?b=3657388689200 HTTP/1.1" 301 -
66.249.69.195 - - [01/Oct/2025:14:41:15 +0200] "GET /?b=44588166834701 HTTP/1.1" 301 -
91.219.240.242 - - [01/Oct/2025:14:41:17 +0200] "GET /solax/ HTTP/1.1" 200 623
66.249.69.227 - - [01/Oct/2025:14:41:16 +0200] "GET /?t=93091248591607 HTTP/1.1" 200 33829
91.219.240.242 - - [01/Oct/2025:14:40:59 +0200] "POST /wp-admin/admin-ajax.php?action=as_async_request_queue_runner&nonce=9af71c06f2 HTTP/1.1" 200 -
66.249.69.228 - - [01/Oct/2025:14:41:17 +0200] "GET /?t=95161133520700 HTTP/1.1" 200 33818
66.249.69.228 - - [01/Oct/2025:14:41:19 +0200] "GET /?t=91717117927600 HTTP/1.1" 200 33831
66.249.69.227 - - [01/Oct/2025:14:41:20 +0200] "GET /?t=088057524602 HTTP/1.1" 200 33841
66.249.69.195 - - [01/Oct/2025:14:41:22 +0200] "GET /?b=0388742687400 HTTP/1.1" 301 -
66.249.69.195 - - [01/Oct/2025:14:41:24 +0200] "GET /?b=3801240082003 HTTP/1.1" 301 -
66.249.69.227 - - [01/Oct/2025:14:41:23 +0200] "GET /?b=32060162881802 HTTP/1.1" 200 33801
66.249.69.227 - - [01/Oct/2025:14:41:26 +0200] "GET /wp-content/plugins/bdthemes-element-pack/assets/js/bdt-uikit.min.js?ver=3.17.11 HTTP/1.1" 200 50333
66.249.69.228 - - [01/Oct/2025:14:41:30 +0200] "GET /wp-includes/js/mediaelement/mediaelement-migrate.min.js?ver=6.8.3 HTTP/1.1" 200 540
185.219.165.19 - - [01/Oct/2025:14:41:32 +0200] "GET /solax/ HTTP/1.1" 200 623
185.219.165.19 - - [01/Oct/2025:14:41:33 +0200] "GET /wp-content/uploads/2024/02/favicon.gif HTTP/1.1" 200 1069
66.249.69.195 - - [01/Oct/2025:14:41:38 +0200] "GET /?b=1172114851800 HTTP/1.1" 301 -
91.219.240.242 - - [01/Oct/2025:14:41:42 +0200] "POST /wp-cron.php?doing_wp_cron=1759322502.4718348979949951171875 HTTP/1.1" 200 -
91.219.240.242 - - [01/Oct/2025:14:41:42 +0200] "POST /wp-cron.php?doing_wp_cron=1759322502.4720818996429443359375 HTTP/1.1" 200 -
66.249.69.227 - - [01/Oct/2025:14:41:38 +0200] "GET /?t=9220779781415 HTTP/1.1" 200 33827
66.249.69.227 - - [01/Oct/2025:14:41:44 +0200] "GET /?b=3657388689200 HTTP/1.1" 200 33815
66.249.69.228 - - [01/Oct/2025:14:41:45 +0200] "GET /?b=44588166834701 HTTP/1.1" 200 33822
66.249.69.228 - - [01/Oct/2025:14:41:46 +0200] "GET /?t=38022114232000 HTTP/1.1" 200 33839
66.249.69.227 - - [01/Oct/2025:14:41:47 +0200] "GET /?t=89022301412902 HTTP/1.1" 200 33831
66.249.69.227 - - [01/Oct/2025:14:41:49 +0200] "GET /?t=26885176788100 HTTP/1.1" 200 33825
66.249.69.227 - - [01/Oct/2025:14:41:49 +0200] "GET /?b=0388742687400 HTTP/1.1" 200 33794
66.249.69.227 - - [01/Oct/2025:14:41:52 +0200] "GET /wp-includes/js/mediaelement/mediaelement-migrate.min.js?ver=6.8.3 HTTP/1.1" 200 540
66.249.69.227 - - [01/Oct/2025:14:41:52 +0200] "GET /wp-content/plugins/bdthemes-element-pack/assets/js/bdt-uikit.min.js?ver=3.17.11 HTTP/1.1" 200 50333
66.249.69.227 - - [01/Oct/2025:14:41:52 +0200] "GET /wp-includes/js/mediaelement/mediaelement-migrate.min.js?ver=6.8.3 HTTP/1.1" 200 540
66.249.69.227 - - [01/Oct/2025:14:41:51 +0200] "GET /?t=8299389283003 HTTP/1.1" 200 33841
66.249.69.227 - - [01/Oct/2025:14:41:53 +0200] "GET /wp-includes/js/mediaelement/mediaelement-migrate.min.js?ver=6.8.3 HTTP/1.1" 200 540
66.249.69.227 - - [01/Oct/2025:14:41:55 +0200] "GET /?b=3801240082003 HTTP/1.1" 200 33796
66.249.69.228 - - [01/Oct/2025:14:41:58 +0200] "GET /wp-content/themes/phlox-pro/css/main.css?ver=5.17.7 HTTP/1.1" 200 97279
91.219.240.242 - - [01/Oct/2025:14:41:58 +0200] "GET /solax/ HTTP/1.1" 200 623
66.249.69.227 - - [01/Oct/2025:14:41:56 +0200] "GET /?t=19100206167804 HTTP/1.1" 200 33819
66.249.69.195 - - [01/Oct/2025:14:41:59 +0200] "GET /?b=80504240267102 HTTP/1.1" 301 -
66.249.69.194 - - [01/Oct/2025:14:42:00 +0200] "GET /?b=87537116127000 HTTP/1.1" 301 -
66.249.69.194 - - [01/Oct/2025:14:42:01 +0200] "GET /?b=40707220778002 HTTP/1.1" 301 -
66.249.69.194 - - [01/Oct/2025:14:42:01 +0200] "GET /?b=35728237265800 HTTP/1.1" 301 -
66.249.69.195 - - [01/Oct/2025:14:42:02 +0200] "GET /?b=16112293592807 HTTP/1.1" 301 -
66.249.69.228 - - [01/Oct/2025:14:42:05 +0200] "GET /wp-includes/js/mediaelement/mediaelement-migrate.min.js?ver=6.8.3 HTTP/1.1" 200 540
66.249.69.228 - - [01/Oct/2025:14:42:04 +0200] "GET /?b=1172114851800 HTTP/1.1" 200 33829
66.249.69.227 - - [01/Oct/2025:14:42:07 +0200] "GET /wp-content/themes/phlox-pro/css/main.css?ver=5.17.7 HTTP/1.1" 200 97279
66.249.69.227 - - [01/Oct/2025:14:42:06 +0200] "GET /?t=11247233371201 HTTP/1.1" 200 33836
66.249.69.228 - - [01/Oct/2025:14:42:07 +0200] "GET /?t=70621241986600 HTTP/1.1" 200 33842
66.249.69.228 - - [01/Oct/2025:14:42:08 +0200] "GET /?t=79200212440703 HTTP/1.1" 200 33823
66.249.69.228 - - [01/Oct/2025:14:42:10 +0200] "GET /?t=52981140184001 HTTP/1.1" 200 33833
66.249.69.195 - - [01/Oct/2025:14:42:11 +0200] "GET /?b=91620156519600 HTTP/1.1" 301 -
185.219.165.19 - - [01/Oct/2025:14:42:13 +0200] "GET /solax/ HTTP/1.1" 200 623
185.219.165.19 - - [01/Oct/2025:14:42:14 +0200] "GET /wp-content/uploads/2024/02/favicon.gif HTTP/1.1" 200 1069
66.249.69.227 - - [01/Oct/2025:14:42:15 +0200] "GET /wp-includes/js/mediaelement/mediaelement-migrate.min.js?ver=6.8.3 HTTP/1.1" 200 540
66.249.69.227 - - [01/Oct/2025:14:42:17 +0200] "GET /wp-content/themes/phlox-pro/css/main.css?ver=5.17.7 HTTP/1.1" 200 97279
91.219.240.242 - - [01/Oct/2025:14:42:38 +0200] "GET /solax/ HTTP/1.1" 200 623
91.219.240.242 - - [01/Oct/2025:14:42:40 +0200] "POST /wp-cron.php?doing_wp_cron=1759322560.8607099056243896484375 HTTP/1.1" 200 -
